{"id":11346,"date":"2019-12-18T14:13:12","date_gmt":"2019-12-18T13:13:12","guid":{"rendered":"http:\/\/luocine.fr\/?page_id=11346"},"modified":"2026-04-10T10:58:25","modified_gmt":"2026-04-10T08:58:25","slug":"n-q","status":"publish","type":"page","link":"https:\/\/luocine.fr\/?page_id=11346","title":{"rendered":"N-Q"},"content":{"rendered":"<h3>N<\/h3>\n<p><a href=\"http:\/\/luocine.fr\/?s=BAHIYYIH+NAKHAVANI&amp;submit=Search\">Nakhjavani<\/a> (Bahiyyih) (<a href=\"http:\/\/luocine.fr\/?p=16069\">Eux&amp;Nous<\/a> 24 avril 2023)<\/p>\n<p><a href=\"https:\/\/luocine.fr\/?s=Stuart+Neville&amp;submit=Search\">Neville<\/a> (Stuart) (<a href=\"https:\/\/luocine.fr\/?p=18686\">Ratlines<\/a> 14 aout 2024)<\/p>\n<p><a href=\"https:\/\/luocine.fr\/?s=NG&amp;submit=Search\">NG<\/a> (Celeste) (<a href=\"https:\/\/luocine.fr\/?p=17315\">Nos c\u0153urs disparu<\/a>s 11 d\u00e9cembre 2023)<\/p>\n<p><a href=\"https:\/\/luocine.fr\/?s=nicoby&amp;submit=Search\">Nicoby<\/a>\u00a0(Le Monde de Sophie 28 d\u00e9cembre 2022)<\/p>\n<p><a href=\"https:\/\/luocine.fr\/?s=Gr%C3%A9gory+Nicolas&amp;submit=Search\">Nicolas<\/a> (Gr\u00e9gory) (<a href=\"https:\/\/luocine.fr\/?p=20362\">Mes s\u0153urs n&rsquo;aimez pas les marins<\/a> 1 septembre 2025)<\/p>\n<p><a href=\"https:\/\/luocine.fr\/?s=Edouard+Nicolo&amp;submit=Search\">Nicolo<\/a> (Anatole Edouard)( <a href=\"https:\/\/luocine.fr\/?p=19119\">L&rsquo;ombre des choses<\/a> 30 novembre 2024)<\/p>\n<p><a href=\"https:\/\/luocine.fr\/?s=Justine+Niogret&amp;submit=Search\">Niogret<\/a> (Justine) (<a href=\"https:\/\/luocine.fr\/?p=17997\">Quand on eut mang\u00e9 le dernier chien<\/a> 1mai 2024)<\/p>\n<p><a href=\"https:\/\/luocine.fr\/?s=Nguyen+Phan+Que+Mai&amp;submit=Search\">Nguyen Phan Que Mai<\/a> (<a href=\"https:\/\/luocine.fr\/?s=Nguyen+Phan+Que+Mai&amp;submit=Search\">Pour que chantent les montagnes<\/a> 6 avril 2024) (<a href=\"https:\/\/luocine.fr\/?p=18249\">L\u00e0 o\u00f9 fleurissent les cendres<\/a> 30 mai 2024)<\/p>\n<p><a href=\"https:\/\/luocine.fr\/?s=Ga%C3%ABlle+Nohant&amp;submit=Search\">Nohant<\/a> (Ga\u00eblle) (<a href=\"https:\/\/luocine.fr\/?p=18460\">le bureau des \u00e9claircissements des destins<\/a> 15 juillet 2024)<\/p>\n<p><a href=\"http:\/\/luocine.fr\/?s=Olivier+Norek&amp;submit=Search\">Norek<\/a> Olivier (<a href=\"http:\/\/luocine.fr\/?p=11889\">Code 93, Territoire, Surtension<\/a> 27 avril 2020) (<a href=\"https:\/\/luocine.fr\/?p=19003\">Les guerriers de l&rsquo;hiver<\/a> 14 octobre 2014)<\/p>\n<h3>O<\/h3>\n<p><a href=\"http:\/\/luocine.fr\/?s=O%27Farrel+Maggie&amp;submit=Search\">O&rsquo;Farrel<\/a> (Maggie) (<a href=\"http:\/\/luocine.fr\/?p=1578\">L&rsquo;\u00e9trange disparitiond&rsquo;Esme Lennox<\/a> 21 novembre 2010) (<a href=\"http:\/\/luocine.fr\/?p=10647\">I AM I AM I AM<\/a> 21 octobre 2019) (<a href=\"https:\/\/luocine.fr\/?p=14971\">Hamne<\/a>t 30 mai 2022)<\/p>\n<p><a href=\"https:\/\/luocine.fr\/?s=Chris+Offutt&amp;submit=Search\">Offutt<\/a> (Chris) (<a href=\"https:\/\/luocine.fr\/?p=19646\">Les fils de Shifty<\/a> 31 mars 2025)<\/p>\n<p><a href=\"https:\/\/luocine.fr\/?s=Ito+Ogawa&amp;submit=Search\">Ogawa<\/a> (Ito) (<a href=\"https:\/\/luocine.fr\/?p=13206\">Le restaurant de l&rsquo;amour retrouv\u00e9<\/a> 20 mai 2021)<\/p>\n<p><a href=\"https:\/\/luocine.fr\/?s=Yoko+Ogawa&amp;submit=Search\">Ogawa (Yoko)<\/a> (<a href=\"https:\/\/luocine.fr\/?p=218\">La formule pr\u00e9f\u00e9r\u00e9e du professeur<\/a> 15 mai 2013) (<a href=\"https:\/\/luocine.fr\/?p=13448\">Le petit joueur d&rsquo;\u00e9chec<\/a> 15 septembre 2021)<\/p>\n<p><a href=\"https:\/\/luocine.fr\/?s=Florent+Oiseau&amp;submit=Search\">Oiseau<\/a> (Florent) (<a href=\"https:\/\/luocine.fr\/?p=11774\">Je vais m&rsquo;y mettre<\/a> 1 janvier 2021)<\/p>\n<p><a href=\"https:\/\/luocine.fr\/?s=Sofi+Oksanen&amp;submit=Search\">Oksanen<\/a> (Sofi) (<a href=\"https:\/\/luocine.fr\/?s=Sofi+Oksanen&amp;submit=Search\">Purge<\/a> 22 septembre 2010) (<a href=\"https:\/\/luocine.fr\/?p=8204\">Norma<\/a> 20 mai 2017)<\/p>\n<p><a href=\"https:\/\/luocine.fr\/?s=Au%C3%B0ur+Ava+%C3%93lafsd%C3%B3ttir&amp;submit=Search\">Olafsdottir<\/a> (Audur Ava)(<a href=\"https:\/\/luocine.fr\/?p=14732\">La v\u00e9rit\u00e9 sur la lumi\u00e8re<\/a> 14 avril 2022)(<a href=\"https:\/\/luocine.fr\/?p=19653\">Eden<\/a> 3 avril 2025)<\/p>\n<p><a href=\"https:\/\/luocine.fr\/?s=V%C3%A9ronique+Olmi&amp;submit=Search\">Olmi<\/a> (V\u00e9ronique) (<a href=\"https:\/\/luocine.fr\/?p=13534\">Les \u00e9vasions particuli\u00e8res<\/a> 6 septembre 2021)<\/p>\n<p><a href=\"https:\/\/luocine.fr\/?s=Yewande+OMOTOSO&amp;submit=Search\">Omotoso<\/a> (Yewande) (<a href=\"https:\/\/luocine.fr\/?p=12179\">La voisine<\/a> 10 mai 2021)<\/p>\n<p><a href=\"https:\/\/luocine.fr\/?s=Stewart+O%27Nan&amp;submit=Search\">O&rsquo;Nan<\/a> (Stewart) (<a href=\"https:\/\/luocine.fr\/?p=41\">Les joueurs <\/a>18 juillet 2014)<\/p>\n<p><a href=\"https:\/\/luocine.fr\/?p=18382\">Orange<\/a> (Tommy) (<a href=\"https:\/\/luocine.fr\/?p=18382\">Ici n&rsquo;est plus ici<\/a> 28 juin 2024)<\/p>\n<p><a href=\"https:\/\/luocine.fr\/?s=Jean-No%C3%ABl+ORENGO&amp;submit=Search\">Orengo<\/a> ( Jean-No\u00ebl) (<a href=\"https:\/\/luocine.fr\/?p=19609\">\u00ab&#160;Vous \u00eates l&rsquo;amour malheur d&rsquo;Hitler&#160;\u00bb<\/a> 20 mars 2025)<\/p>\n<p><a href=\"https:\/\/luocine.fr\/?s=Itamar+Orlev&amp;submit=Search\">Orlev<\/a> (Itamar) (<a href=\"https:\/\/luocine.fr\/?p=12506\">Voyou<\/a> 20 octobre 2020)<\/p>\n<p>&nbsp;<\/p>\n<h3>P<\/h3>\n<p><a href=\"http:\/\/luocine.fr\/?s=Arto+Paasilinna&amp;submit=Search\">Paasilinna<\/a> (Arto) (<a href=\"http:\/\/luocine.fr\/?p=7818\">La Douce Empoisonneuse<\/a> 25 mars 2017) (<a href=\"http:\/\/luocine.fr\/?p=9537\">Le dentier du mar\u00e9chal, madame Volotinen et autres curiosit\u00e9s<\/a> 25 juin 2018) (<a href=\"http:\/\/luocine.fr\/?p=16821\">Un homme heureux<\/a> 17apout 2023)<\/p>\n<p><a href=\"https:\/\/luocine.fr\/?s=sally+Page&amp;submit=Search\">Page<\/a> (Sally) (<a href=\"https:\/\/luocine.fr\/?p=20555\">la collectionneuses de secrets<\/a> 27 octobre 2027)<\/p>\n<p class=\"entry-title entry-title-single\"><a href=\"https:\/\/luocine.fr\/?s=Sigr%C3%BAn+P%C3%A1lsd%C3%B3ttir&amp;submit=Search\">P\u00e1lsd\u00f3ttir<\/a> (Sigr\u00fan) (<a href=\"https:\/\/luocine.fr\/?p=20250\">Un Coup de T\u00eate<\/a> 7 aout 2025)<\/p>\n<p><a href=\"http:\/\/luocine.fr\/?s=Alejandro+Palomas&amp;submit=Search\">Palomas<\/a> (Alejandro) (<a href=\"http:\/\/luocine.fr\/?p=8992\">Une M\u00e8re<\/a> 1 janvier 2018) (<a href=\"http:\/\/luocine.fr\/?p=9688\">Tout sur mon Chien<\/a> 4 ao\u00fbt 2018) (<a href=\"https:\/\/luocine.fr\/?p=11718\">Le petit gar\u00e7on qui voulait \u00eatre Mary Poppins<\/a> 30 novembre 2020)<\/p>\n<p><a href=\"https:\/\/luocine.fr\/?s=Polina+Panassenko&amp;submit=Search\">Panassenko<\/a> (Pauline) (<a href=\"https:\/\/luocine.fr\/?p=17192\">Tenir sa langue<\/a> 16 octobre 2023)<\/p>\n<p>Pange (de) Pauline (Comment j&rsquo;ai vu 1900 13 septembre 2013)<\/p>\n<p><a href=\"http:\/\/luocine.fr\/?s=Camille+Pascal&amp;submit=Search\">Pascal<\/a> (Camille) ( <a href=\"http:\/\/luocine.fr\/?p=10607\">L&rsquo;\u00e9t\u00e9 des quatre rois<\/a> 30 septembre 2019) (<a href=\"https:\/\/luocine.fr\/?p=15650\">L&rsquo;air \u00e9tait tout en feu<\/a> 28 mars 5023) (<a href=\"http:\/\/uocine.fr\/?p=19235\">La Reine du labyrinthe<\/a> 16 d\u00e9cembre 2024)<\/p>\n<p><a href=\"https:\/\/luocine.fr\/?s=Ann+Patchett&amp;submit=Search\">Patchett<\/a> (Ann) (<a href=\"https:\/\/luocine.fr\/?p=12812\">Anatomie de la stupeur<\/a> 28 janvier 2021)<\/p>\n<p><a href=\"http:\/\/luocine.fr\/?s=Paulin+Fr%C3%A9d%C3%A9ric&amp;submit=Search\">Paulin<\/a> (Fr\u00e9d\u00e9ric) (<a href=\"http:\/\/luocine.fr\/?p=10168\">La Guerre est une Rus<\/a>e 14 janvier 2019)<\/p>\n<p><a href=\"http:\/\/luocine.fr\/?s=Anne+Pauly&amp;submit=Search\">Pauly<\/a> (Anne) (<a href=\"http:\/\/luocine.fr\/?p=11179\">Avant que j&rsquo;oublie<\/a> 4 mai 2020)<\/p>\n<p><a href=\"https:\/\/luocine.fr\/?s=Ota+Pavel&amp;submit=Search\">Pavel<\/a> (Ota) (<a href=\"https:\/\/luocine.fr\/?p=13614\">Comment j&rsquo;ai rencontr\u00e9 les poissons<\/a> 20 septembre 2021)<\/p>\n<p><a href=\"https:\/\/luocine.fr\/?s=Jurica+Pavicic&amp;submit=Search\">Pavici<\/a> (Jurica) (<a href=\"https:\/\/luocine.fr\/?p=19704\">Mater Dolorosa<\/a> 21 avril 2025)<\/p>\n<p><a href=\"http:\/\/luocine.fr\/?s=Pennac+Daniel&amp;submit=Search\">Penna<\/a>c (Daniel) (<a href=\"http:\/\/luocine.fr\/?p=4645\">Un Amour Exemplaire<\/a> 8 octobre 2015) (<a href=\"http:\/\/luocine.fr\/?p=10084\">Mon Fr\u00e8re<\/a> 26 novembre 2018)<\/p>\n<p><a href=\"https:\/\/luocine.fr\/?s=Pia+PERA&amp;submit=Search\">Pera<\/a> (Pia) (<a href=\"http:\/\/uocine.fr\/?p=15395\">Ce que je n&rsquo;ai pas encore dit \u00e0 mon jardin<\/a> 3 novembre 2022)<\/p>\n<p><a href=\"https:\/\/luocine.fr\/?s=Marta+Perez-Carbonel&amp;submit=Search\">Perez-Carbone<\/a>l (Marta) (<a href=\"https:\/\/luocine.fr\/?p=20625\">Rien de plus illusoire<\/a> 24 novembre 2025)<\/p>\n<p><a href=\"http:\/\/luocine.fr\/?s=Elliot+Perlman&amp;submit=Search\">Perlman<\/a> (Elliot) (<a href=\"http:\/\/luocine.fr\/?p=9612\">La M\u00e9moire est une Chienne Indocile<\/a> 15 juillet 2018)<\/p>\n<p><a href=\"https:\/\/luocine.fr\/?s=Val%C3%A9rie+Perrin&amp;submit=Search\">Perri<\/a>n (Val\u00e9rie) (<a href=\"https:\/\/luocine.fr\/?p=11661\">Changer l&rsquo;eau des fleurs<\/a> 2 novembre 2020)<\/p>\n<p><a href=\"https:\/\/luocine.fr\/?s=Pia+Petersen&amp;submit=Search\">Petersen<\/a> (Pia) (<a href=\"https:\/\/luocine.fr\/?p=11314\">Un \u00e9crivain, un vrai<\/a> 29 juin 2020)<\/p>\n<p><a href=\"https:\/\/luocine.fr\/?s=B%C3%A9r%C3%A9nice+Pichat&amp;submit=Search\">Pichat<\/a> (B\u00e9r\u00e9nice) (<a href=\"https:\/\/luocine.fr\/?p=19543\">La petite Bonne<\/a> 28 f\u00e9vrier 2025)<\/p>\n<p><a href=\"https:\/\/luocine.fr\/?s=C%C3%A9cile+Pin&amp;submit=Search\">Pin<\/a> (C\u00e9cile) (<a href=\"https:\/\/luocine.fr\/?s=C%C3%A9cile+Pin&amp;submit=Search\">Les \u00e2mes errantes<\/a> 5 avril 2024)<\/p>\n<p><a href=\"https:\/\/luocine.fr\/?s=Zoya+Pirzad&amp;submit=Search\">Pirzad<\/a> (Zoya) (<a href=\"https:\/\/luocine.fr\/?p=21067\">C&rsquo;est moi qui \u00e9teins les lumi\u00e8res<\/a> 23 f\u00e9vrier 2026)<\/p>\n<p><a href=\"https:\/\/luocine.fr\/?s=Pitzorno+Bianca&amp;submit=Search\">Pitzorno<\/a> (Bianca) (<a href=\"https:\/\/luocine.fr\/?p=19552\">Le r\u00eave de la couturi\u00e8re<\/a> 27 F\u00e9vrier 2025)<\/p>\n<p><a href=\"https:\/\/luocine.fr\/?s=Bernard+Pivot&amp;submit=Search\">Pivot<\/a> (Bernard) (<a href=\"https:\/\/luocine.fr\/?p=296\">Oui, mais quelle est la question<\/a> 11 d\u00e9cembre 2013)<\/p>\n<p><a href=\"https:\/\/luocine.fr\/?s=C%C3%A9cile+Pivot&amp;submit=Search\">Pivot<\/a> (C\u00e9cile) ( <a href=\"https:\/\/luocine.fr\/?p=15876\">les lettres d&rsquo;Esther<\/a> 27 f\u00e9vrier 2023)<\/p>\n<p><a href=\"http:\/\/luocine.fr\/?s=Plamondon+Eric&amp;submit=Search\">Plamondon<\/a> (Eric) (<a href=\"http:\/\/luocine.fr\/?p=10770\">Taqawan<\/a> 28 novembre 2019)<\/p>\n<p><a href=\"http:\/\/luocine.fr\/?s=Pluyette+Patrice&amp;submit=Search\">Pluyette<\/a> (Patrice) (<a href=\"http:\/\/luocine.fr\/?p=10498\">La Vall\u00e9e des dix mille fum\u00e9es<\/a> 29 juillet 2019)<\/p>\n<p><a href=\"https:\/\/luocine.fr\/?s=Laura+Poggioli&amp;submit=Search\">Poggiolli<\/a> (Laura) ( <a href=\"https:\/\/luocine.fr\/?p=20509\">Trois s\u0153urs<\/a> 16 octobre 2025)<\/p>\n<p><a href=\"https:\/\/luocine.fr\/?s=Sophie+Pointurier&amp;submit=Search\">Pointurier<\/a> (Sophie) (<a href=\"https:\/\/luocine.fr\/?p=14473\">La Femme P\u00e9riph\u00e9rique<\/a> 1 f\u00e9vrier 2022)(<a href=\"http:\/\/luocine.fr\/?p=17009\">Femme portant un fusil<\/a> 24 aout 2023)<\/p>\n<p><a href=\"http:\/\/luocine.fr\/?s=Pontalis&amp;submit=Search\">Pontali<\/a>s(Jean-Bernard) (<a href=\"http:\/\/luocine.fr\/?p=10189\">Le Fr\u00e8re du Pr\u00e9c\u00e9dent<\/a> 28 janvier 2019)<\/p>\n<p><a href=\"https:\/\/luocine.fr\/?s=Victor+Pouchet&amp;submit=Search\">Pouchet<\/a> (Victor) (<a href=\"https:\/\/luocine.fr\/?p=21309\">Voyage Voyage<\/a> 9 avril 2026)<\/p>\n<p><a href=\"https:\/\/luocine.fr\/?s=El%C3%A9onore+Pourriat&amp;submit=Search\">Pourriat<\/a> \u00c9l\u00e9onore( <a href=\"https:\/\/luocine.fr\/?p=15410\">Poup\u00e9es<\/a> 10 octobre 2022)<\/p>\n<p><a href=\"http:\/\/luocine.fr\/?s=Rosella+Postorino&amp;submit=Search\">Postorino<\/a> (Rosella)( <a href=\"http:\/\/luocine.fr\/?p=10673\">La go\u00fbteuse d&rsquo;Hitler<\/a> 28 octobre 2019)<\/p>\n<p><a href=\"https:\/\/luocine.fr\/?s=Jacques+Poulin&amp;submit=Search\">Poulin<\/a> (Jacques) (<a href=\"https:\/\/luocine.fr\/?p=1305\">La Volkswagen Blues<\/a> 13 octobre 2014)<\/p>\n<p><a href=\"https:\/\/luocine.fr\/?s=Richard+Powers&amp;submit=Search\">Powers<\/a> (Richard) (<a href=\"https:\/\/luocine.fr\/?p=1180\">Le temps o\u00f9 nous chantions<\/a> 8 septembre 2009) (<a href=\"https:\/\/luocine.fr\/?p=20220\">Un jeu sans fin<\/a> 31 juillet 2025)<\/p>\n<p><a href=\"https:\/\/luocine.fr\/?s=Micha%C3%ABl+PRAZAN&amp;submit=Search\">Prazan<\/a> (Micha\u00ebl) (<a href=\"https:\/\/luocine.fr\/?p=14317\">Souvenirs du rivage des morts<\/a> 3 f\u00e9vrier 2022)<\/p>\n<p><a href=\"https:\/\/luocine.fr\/?s=Sylvain+Prudhomme&amp;submit=Search\">Prudhomme<\/a> (Sylvain) (<a href=\"https:\/\/luocine.fr\/?p=17241\">L&rsquo;enfant dans le taxi<\/a> 26 octobre 2023)<\/p>\n<p><a href=\"https:\/\/luocine.fr\/?s=Piergiorgio+PULIXI&amp;submit=Search\">Pulixi<\/a> (Piergiorgio) (<a href=\"https:\/\/luocine.fr\/?p=19410\">La librairie des chats noirs<\/a> 30 janvier 2025)<\/p>\n<h3>Q<\/h3>\n<p><a href=\"https:\/\/luocine.fr\/?s=Abel+Quentin&amp;submit=Search\">Quentin<\/a> (Abel) ( <a href=\"https:\/\/luocine.fr\/?p=19060\">Le voyant d&rsquo;\u00e9tampes<\/a> 25 octobre 2024)<\/p>\n<p><a href=\"http:\/\/luocine.fr\/?s=Quignard+Pascal&amp;submit=Search\">Quignar<\/a>d (Pascal) (<a href=\"http:\/\/luocine.fr\/?p=11053\">Les solidarit\u00e9s myst\u00e9rieuses<\/a> 17 f\u00e9vrier 2020)<\/p>\n<p><a href=\"https:\/\/luocine.fr\/?s=Michel+Quint&amp;submit=Search\">Quint<\/a> (Michel) (<a href=\"https:\/\/luocine.fr\/?p=250\">en d\u00e9pit des \u00e9toiles<\/a> 10 mars 2013) (<a href=\"https:\/\/luocine.fr\/?p=16381\">Apaise le temps<\/a> 17 juin 2023) (<a href=\"https:\/\/luocine.fr\/?p=19690\">L&rsquo;espoir d&rsquo;aimer en chemin<\/a> 17 avril 2025)<\/p>\n","protected":false},"excerpt":{"rendered":"<p>N Nakhjavani (Bahiyyih) (Eux&amp;Nous 24 avril 2023) Neville (Stuart) (Ratlines 14 aout 2024) NG (Celeste) (Nos c\u0153urs disparus 11 d\u00e9cembre 2023) Nicoby\u00a0(Le Monde de Sophie 28 d\u00e9cembre 2022) Nicolas (Gr\u00e9gory) (Mes s\u0153urs n&rsquo;aimez pas les marins 1 septembre 2025) Nicolo (Anatole Edouard)( L&rsquo;ombre des choses 30 novembre 2024) Niogret (Justine) (Quand on eut mang\u00e9 le <span class=\"ellipsis\">&hellip;<\/span> <span class=\"more-link-wrap\"><a href=\"https:\/\/luocine.fr\/?page_id=11346\" class=\"more-link\"><span>Read More &rarr;<\/span><\/a><\/span><\/p>\n","protected":false},"author":822092,"featured_media":0,"parent":0,"menu_order":0,"comment_status":"closed","ping_status":"closed","template":"","meta":{"footnotes":""},"class_list":["post-11346","page","type-page","status-publish","hentry"],"_links":{"self":[{"href":"https:\/\/luocine.fr\/index.php?rest_route=\/wp\/v2\/pages\/11346","targetHints":{"allow":["GET"]}}],"collection":[{"href":"https:\/\/luocine.fr\/index.php?rest_route=\/wp\/v2\/pages"}],"about":[{"href":"https:\/\/luocine.fr\/index.php?rest_route=\/wp\/v2\/types\/page"}],"author":[{"embeddable":true,"href":"https:\/\/luocine.fr\/index.php?rest_route=\/wp\/v2\/users\/822092"}],"replies":[{"embeddable":true,"href":"https:\/\/luocine.fr\/index.php?rest_route=%2Fwp%2Fv2%2Fcomments&post=11346"}],"version-history":[{"count":81,"href":"https:\/\/luocine.fr\/index.php?rest_route=\/wp\/v2\/pages\/11346\/revisions"}],"predecessor-version":[{"id":21634,"href":"https:\/\/luocine.fr\/index.php?rest_route=\/wp\/v2\/pages\/11346\/revisions\/21634"}],"wp:attachment":[{"href":"https:\/\/luocine.fr\/index.php?rest_route=%2Fwp%2Fv2%2Fmedia&parent=11346"}],"curies":[{"name":"wp","href":"https:\/\/api.w.org\/{rel}","templated":true}]}}